 - (-5 + -3 + 8).
5
Evaluate (2 - 0) + -7 + 0.
-5
What is 3 + -18 - -5 - (0 - 7)?
-3
Evaluate 0 + (1 + 5 - 3) - -2.
5
Evaluate 0 + (-3 - -1) - -3.
1
Calculate (-2 - -4) + 2 + -2 + -3.
-1
What is the value of -11 - -4 - (-6 - -2)?
-3
What is the value of (129 - 130) + (-1 - -3 - 2)?
-1
Evaluate 1 + (-67 - -68 - (1 - 2)).
3
Calculate (-3 - (-5 + 3 + 0)) + -2.
-3
What is -18 + 14 - (-2 + -3)?
1
What is (-9 - -1 - -5) + 3 + -3?
-3
Evaluate -9 - (14 - 15 - (7 - 1)).
-2
What is the value of 0 + -8 + 4 + 2?
-2
Calculate (-28 - -14) + 6 - 1.
-9
-10 + 6 + 9 - 11
-6
Evaluate (30 - 35) + (-1 - (2 - 3)).
-5
What is the value of (-1 - 0) + (8 - 11)?
-4
What is the value of 1 + (2 - (1 + 5))?
-3
Calculate 14 - (9 + 12) - -11.
4
What is the value of -8 + 0 - 1 - -10?
1
What is -1 - (-2 - 0) - 3?
-2
Calculate (-4 + 12 - 0) + -3.
5
Evaluate -6 + -1 + 6 - 5.
-6
6 + 8 + -11 - 2
1
Evaluate 1 + -5 - (-52 + 55).
-7
Evaluate 3 - -2 - (2 - -6 - 8).
5
Evaluate 1 - (-12 + 4 + 5).
4
What is 6 + (1 - (0 - -1 - -2))?
4
What is the value of 1 - (5 - 13) - 6?
3
Evaluate 7 + (3 - 1) + -4.
5
What is the value of (1 - (-1 + -5)) + -7 + -3?
-3
What is the value of -8 + 10 - (0 + (-1 - -2))?
1
What is the value of -3 + (-2 - -8) - 3?
0
What is (-2 - -6 - 13) + 4 + 11?
6
Evaluate (-16 - -13) + (-2 - (0 + -4)).
-1
What is the value of 0 + -8 + (-4 + 5 - -3)?
-4
What is -1 - (-2 + (-2 - -4) + -1)?
0
Calculate 11 - 0 - (-15 + -1 + 21).
6
What is the value of -11 + 21 + 1 + -8?
3
Evaluate -6 + -1 + 14 + -2.
5
Evaluate 0 + 5 + -8 + 2 - 1.
-2
What is the value of (-5 - 2) + (13 - 8 - 2)?
-4
What is the value of -4 + 3 + 1 + 2 - 1?
1
What is 1 + (-4 - (-2 - -2) - -1)?
-2
23 + -25 + (3 - (2 + -1))
0
3 + -5 + 1 - -6 - 10
-5
Evaluate (-1 - 1) + 0 - (2 - 6).
2
(-1 - -3 - -5) + (-1 - 1)
5
Evaluate -2 + (5 - 4) + 2 + -3.
-2
Evaluate -8 + (0 - 2) + 8.
-2
-5 - 1 - (-1 + -10 + 3)
2
6 - (5 - (5 - (8 - 5)))
3
Calculate -1 + (-26 - -13 - -6).
-8
(10 - 5) + -9 + -3
-7
What is the value of 0 + 1 + 5 + 23 + -24?
5
-4 - (-1 + -2 + 7 + -6)
-2
What is 1 - (0 - -2) - 1?
-2
What is 5 + -3 - (2 - -6)?
-6
Evaluate -3 + -2 - (-3 - -5 - 9).
2
Evaluate (2 - (-2 - -6)) + 6.
4
What is (-9 + 4 - 4) + 4 - -3?
-2
What is 13 - 2 - (2 - -5)?
4
Evaluate 1 + 4 + -9 + 1.
-3
Evaluate (-1 - 1) + (9 - (1 + -3)).
9
Evaluate 5 + (-4 - -2) + 5 + -2.
6
Calculate -4 - (4 + -5 + 4 - 3).
-4
What is the value of -2 + -12 + 4 + 3?
-7
11 + 4 + 13 + -19
9
What is (8 - (21 + -6)) + 1 + 5?
-1
-9 - -11 - (-3 + 0)
5
Calculate (-1 - -1) + (-2 - 1).
-3
What is the value of -3 - (1 + -3 + -1)?
0
Evaluate 3 + 0 + -1 - 4 - 3.
-5
Evaluate -4 + 0 + 0 + 2 + -2.
-4
-4 - -8 - (-3 + 3 + 0)
4
Evaluate -6 + 12 - (5 + -1).
2
-5 + 7 + -8 + (3 - -3)
0
What is the value of 1 + (-8 - -5) - 1?
-3
What is -10 - (4 + 0 - 11)?
-3
Evaluate 6 - (6 + -3 - 2).
5
Evaluate 5 - (-12 - (-28 - -9)).
-2
Evaluate -1 + -1 - ((7 - 7) + -6).
4
Evaluate 2 + 3 + -5 + 1.
1
What is -1 + 4 + (-14 - -7)?
-4
What is the value of 2 + (-2 - 6) - -1?
-5
-4 + (12 - 5) - 4
-1
Evaluate (0 - 0) + (2 - (-1 + 7)).
-4
What is (10 - 11 - (1 + -1)) + 6?
5
What is -8 + 16 + 3 + -5?
6
What is (1 - -3) + (0 - 0) + 1?
5
What is the value of -1 + (-1 - 7) + 5 - -4?
0
Calculate -4 - -1 - (-5 - -1).
1
What is the value of 2 + 2 - (-70 + 70)?
4
What is 2 + (2 + 0 + -2 - 5)?
-3
Evaluate -15 - -15 - (1 + -3) - -1.
3
Calculate 13 + -9 + (-3 - (13 + -2)).
-10
What is the value of 2 - (-64 + 58 + 0 + 12)?
-4
What is 13 - (-1 - -5 - -3)?
6
What is the value of 4 - (3 - (-7 + 4 + 2))?
0
Calculate -7 + 12 + -8 + -4 + 1.
-6
3 - (6 + -6 - (2 + -4))
1
Calculate 2 + -3 - 1 - 0.
-2
Calculate 4 - (3 + -7 + 4).
4
Evaluate (5 - (-5 - -1) - 1) + -4.
4
What is (7 - 6 - 0) + 3?
4
Evaluate 4 + (-5 - -11) + -6 + -8.
-4
3 - 1 - (-6 - -14 - 3)
-3
Evaluate -2 - -4 - ((-9 - -8) + 6).
-3
Calculate -8 - (-13 - (-12 - -8)).
1
What is 2 - (13 - 3) - -5?
-3
What is 6 + (-8 - 4) - -4?
-2
What is the value of (3 - 0 - -3) + -4?
2
What is the value of (-6 - -15 - -7) + -8?
8
What is 3 + 0 + (4 - 7)?
0
Calculate 6 + (-10 - (0 + -3)) + 3.
2
What is (-2 - 1) + 14 + -10?
1
What is -3 + 2 + 10 + -5?
4
What is 4 - (1 - -10) - (-3 - -5)?
-9
Evaluate -2 - -4 - (3 - (2 + -2)).
-1
What is the value of (1 - (1 + -9 + 16)) + 8?
1
Calculate -4 + 1 - -5 - (0 + 0).
2
Calculate 2 - 3 - (-5 - -7).
-3
What is the value of 18 + -20 + (11 - 0) - 0?
9
-5 - (-6 + 5 - 2)
-2
(-7 - (-6 - 4)) + 1
4
Calculate (24 - (-22 - -40)) + (-6 - -1).
1
-6 + 4 + 3 + -3
-2
What is -4 + 7 + 0 + -4 - -2?
1
Evaluate 3 + 3 + (1 - (-6 - -11)).
2
What is 1 + 1 - (4 + (7 - 10))?
1
Calculate 12 - (7 - (-6 - -6)).
5
(6 - (7 + -5)) + (-1 - -1)
4
Calculate -29 + 24 + 4 + -1 + -2.
-4
Calculate -1 + 11 - 2 - 4.
4
-2 - -7 - (-19 + 19)
5
Evaluate -3 - (-5 - (-8 + 1)).
-5
What is 9 + (-10 - (8 + -6))?
-3
-10 - -11 - 8 - (0 - 4)
-3
What is the value of -25 + 27 - (2 - (2 - -3))?
5
Evaluate -1 - -6 - (0 + 4).
1
Calculate -6 + (-8 + 3 - -7).
-4
(-1 - 1 - -1) + 268 + -260
7
What is the value of (1 - 7) + 25 + -19?
0
What is the value of -11 + 1 + 5 - -5?
0
Evaluate (1 - (0 + 0)) + -3.
-2
Evaluate 4 - -5 - (-19 - -21).
7
Calculate -7 + (9 - 8 - -11) + 3.
8
What is -2 - ((-24 - -9) + 7)?
6
-10 - -3 - -7 - -2
2
6 - (14 + -5 - -5)
-8
-4 - (-11 + -7 + 11)
3
Calculate 0 + -1 - (7 - 8).
0
Evaluate (1 - -14) + -1 + -15.
-1
What is (1 - 4) + 3 + 4 - -2?
6
Evaluate -4 + 4 + (3 - (0 - 0)).
3
What is -2 + -6 + -8 + 12?
-4
Calculate 6 + (-7 - (-4 + 1)).
2
5 + (2 - (0 + 3) - 2)
2
Calculate -2 - (-1 - 0) - 2.
-3
What is the value of (8 - (1 + 7)) + (5 - -3)?
8
Evaluate (-12 - -3) + (9 - 5).
-5
-69 + 71 - (-1 + 2 - -4)
-3
Calculate 4 + (3 - (7 + 1)).
-1
5 + -7 + 10 + -2
6
Calculate (8 - 8) + 0 + 0.
0
Evaluate 1 + (2 + 0 - -1).
4
12 + (-6 + -12 - -4)
-2
Calculate (-5 - -5) + (-8 - -3) + 1.
-4
What is the value of -4 - (6 + (1 - 7))?
-4
Evaluate -5 - (7 - (-8 + 17) - -2).
-5
What is the value of 4 - (15 + (1 - 2) + -4)?
-6
What is 1 + 0 - (0 + 2 + -1)?
0
Calculate (-29 - -32) + -1 + -7 - 4.
-9
What is 3 + (-2 - 5) - (-7 + 1)?
2
(6 - (13 + -7 - 1)) + -10
-9
What is 5 + (-1 - 4 - 0 - 1)?
-1
Calculate 10 - (-4 - -9) - -1.
6
Evaluate 12 + 2 + 3 + (-13 - -4).
8
Calculate 4 + 1 + -12 + 7.
0
4 + 1 + -5 - 5 - -12
7
Evaluate -2 + (3 - (3 - 7)).
5
Evaluate 3 + -2 + 5 + -4 + 1.
3
What is -3 + (1 + 1 - (-22 - -21))?
0
What is -2 + 1 + (2 - (0 + 5))?
-4
What is the value of -2 + -1 + (-4 - -3)?
-4
1 + 2 - 0 - 0
3
-12 + (-7 - -14) + 12
7
Evaluate 3 + (5 - 11 - -3).
0
What is 1 - (-2 + -1 + 1) - 7?
-4
Calculate 7 + -1 - (-5 - -11).
0
Evaluate (-26 - -33) + -2 + -1.
4
What is the value of (2 - 3 - (0 + 0)) + 0?
-1
What is the value of 1 - 1 - -1 - (4 - 1)?
-2
What is (2 - -2) + -7 + (-1 - 1)?
-5
1 - 4 - (-15 + 16)
-4
What is the value of (4 - 10) + 2 - -9?
5
(6 - 0) + (-1 + -7 - -4)
2
(5 - 1) + (8 - 13) + 1
0
What is -5 - (-2 + -3) - 3?
-3
What is the value of -1 - 4 - 4 - -2 - -3?
-4
What is the value of 0 - 3 - -1 - (1 - 1)?
-2
What is (-1 - -4) + 4 + (-1 - 13)?
-7
Calculate 11 + 1 + (-23 - (-11 - 10)).
10
What is -2 - -8 - 7 - (-1 + -8)?
8
What is (1 - -3 - 9 - -5) + 2?
2
Calculate 5 + (-3 - 3) + 1 + -2.
-2
Evaluate 0 - (-2 + (9 - 6)).
-1
(-1 - 2) + 6 + -3
0
Calculate (2 - 5 - 2) + (17 - 9).
3
What is (-4 - -2) + (-1 - -5)?
2
What is the value of -2 + 6 + -1 + -3?
0
1 - -3 - 5 - 6
-7
1 - 1 - ((5 - 3) + -6)
4
What is the value of 15 - 22 - (-9 + 0)?
2
Calculate (-1 - 5) + (4 + -4 - -4).
-2
What is -4 - -2 - (0 + -3)?
1
What is the value of -2 - (-3 + -2) - 3?
0
What is (-5 - -5 - -2) + (0 - 0)?
2
What is the value of (-4 - 7) + 3 + 3?
-5
Evaluate -2 + (-3 - -3) + (0 - 2).
-4
Evaluate (-3 - -8) + -5 - -5.
5
Calculate -9 + 5 + 4 + -3 + -1.
-4
Evaluate (3 - (3 - 5)) + -3 - 4.
-2
What is the value of -33 + 43 + (-2 - (2 - -1))?
5
What is -3 + (3 - 3) - 0 - 5?
-8
Evaluate (1 - (-3 + 4 + 1)) + 0.
-1
What is -5 + 3 + (-5 - (2 - 6))?
-3
What is the value of -1 + -1 + -1 - -1?
-2
1 - (-4 + 6 + -6 + 2)
3
Evaluate 13 - (3 - (2 + -11)).
1
What is the value of 8 + -2 + (-2 - (0 - 1))?
5
-5 - (-3 + -3 + 2)
-1
Calculate (-5 - -1) + (-2 - (-4 - -1)).
-3
4 - (6 + -3) - 0 - -6
7
What is -4 + (-3 - 1) + 4?
-4
3 - (0 - 2 - -2)
3
1 - (-1 + 1 - 2)
3
Calculate -1 + (2 - 1) - (-114 + 110).
4
Evaluate 0 + (0 - 0) + -7 + 4.
-3
Evaluate 0 + 12